{"id":809,"date":"2023-03-24T00:00:36","date_gmt":"2023-03-24T03:00:36","guid":{"rendered":"https:\/\/isfd109-bue.infd.edu.ar\/sitio\/plan-de-estudios-3\/"},"modified":"2026-03-25T13:41:26","modified_gmt":"2026-03-25T16:41:26","slug":"plan-de-estudios-3","status":"publish","type":"page","link":"https:\/\/isfd109-bue.infd.edu.ar\/sitio\/plan-de-estudios-3\/","title":{"rendered":"MATRICULACI\u00d3N ECONOM\u00cdA 2026"},"content":{"rendered":"<p><strong>Procedimiento para matricularse:<\/strong><\/p>\n<ul>\n<li>Hacer click en el enlace correspondiente al a\u00f1o en que se desea matricular(QUE SE ENCUENTRA AL PIE DEL PRESENTE). .<\/li>\n<li>Completar sus datos personales<\/li>\n<li>En las \u00e1reas o perspectivas deber\u00e1 seleccionar una opci\u00f3n si o si, (Regular, Atraso Acad\u00e9mico, Recursa, Libre, Adeuda Final, No Cursa).<\/li>\n<li>Si no desea cursar un \u00e1rea o perspectiva o ya la acredit\u00f3 (No Cursa &#8211; Con Derecho a Final o Final Aprobado).<\/li>\n<li>Si necesita cursar \u00e1reas en diferentes a\u00f1os, deber\u00e1 inscribirse en cada a\u00f1o completando el formulario de cada a\u00f1o correspondiente (Ej: si desea matricularse en en primer a\u00f1o y en segundo a\u00f1o, deber\u00e1 completar el formulario de 1\u00b0 a\u00f1o y luego el de 2\u00b0 a\u00f1o).<\/li>\n<li>Tener siempre en cuenta el r\u00e9gimen de correlatividades para no incurrir en errores pasibles de anulaci\u00f3n del formulario o las \u00e1reas en cuesti\u00f3n.<\/li>\n<\/ul>\n<p>Se notifican que acorde marco normativo vigente que:\u00a0 \u00a0\u00bb toda la informaci\u00f3n suministrada por el alumno\/a en forma virtual o en soporte papel, revestir\u00e1 un car\u00e1cter de <strong>declaraci\u00f3n jurada<\/strong>. En caso de falsedad en el ingreso de los datos requeridos, adulteraci\u00f3n maliciosa o enga\u00f1osa de la informaci\u00f3n ingresada al sistema, los alumnos\/as , ser\u00e1n pasibles de las sanciones establecidas en la Resoluciones vigentes y Acuerdos de convivencia.-<\/p>\n<hr \/>\n<h4><span style=\"color: #ff0000;\">MATRICULACI\u00d3N PROFESORADO EN ECONOM\u00cdA\u00a0 2026<\/span><\/h4>\n<h4><span style=\"color: #ff0000;\">RESOLUCI\u00d3N N\u00b0 3606\/22<\/span><\/h4>\n<p style=\"text-align: left;\">Haga click sobre el a\u00f1o para realizar el procedimiento.<\/p>\n<ul>\n<li>PRIMER A\u00d1O<\/li>\n<li>SEGUNDO A\u00d1O<\/li>\n<li>TERCERO A\u00d1O<\/li>\n<li>CUARTO A\u00d1O<\/li>\n<\/ul>\n\n\n<p><\/p>\n","protected":false},"excerpt":{"rendered":"<p>Procedimiento para matricularse: Hacer click en el enlace correspondiente al a\u00f1o en que se desea matricular(QUE SE ENCUENTRA AL PIE DEL PRESENTE). . Completar sus datos personales En las \u00e1reas o perspectivas deber\u00e1 seleccionar una opci\u00f3n si o si, (Regular, Atraso Acad\u00e9mico, Recursa, Libre, Adeuda Final, No Cursa). Si no desea cursar un \u00e1rea o &#8230; <a title=\"MATRICULACI\u00d3N ECONOM\u00cdA 2026\" class=\"read-more\" href=\"https:\/\/isfd109-bue.infd.edu.ar\/sitio\/plan-de-estudios-3\/\" aria-label=\"More on MATRICULACI\u00d3N ECONOM\u00cdA 2026\">[+]<\/a><\/p>\n","protected":false},"author":977,"featured_media":0,"parent":0,"menu_order":0,"comment_status":"closed","ping_status":"closed","template":"","meta":[],"acf":[],"_links":{"self":[{"href":"https:\/\/isfd109-bue.infd.edu.ar\/sitio\/wp-json\/wp\/v2\/pages\/809"}],"collection":[{"href":"https:\/\/isfd109-bue.infd.edu.ar\/sitio\/wp-json\/wp\/v2\/pages"}],"about":[{"href":"https:\/\/isfd109-bue.infd.edu.ar\/sitio\/wp-json\/wp\/v2\/types\/page"}],"author":[{"embeddable":true,"href":"https:\/\/isfd109-bue.infd.edu.ar\/sitio\/wp-json\/wp\/v2\/users\/977"}],"replies":[{"embeddable":true,"href":"https:\/\/isfd109-bue.infd.edu.ar\/sitio\/wp-json\/wp\/v2\/comments?post=809"}],"version-history":[{"count":43,"href":"https:\/\/isfd109-bue.infd.edu.ar\/sitio\/wp-json\/wp\/v2\/pages\/809\/revisions"}],"predecessor-version":[{"id":3149,"href":"https:\/\/isfd109-bue.infd.edu.ar\/sitio\/wp-json\/wp\/v2\/pages\/809\/revisions\/3149"}],"wp:attachment":[{"href":"https:\/\/isfd109-bue.infd.edu.ar\/sitio\/wp-json\/wp\/v2\/media?parent=809"}],"curies":[{"name":"wp","href":"https:\/\/api.w.org\/{rel}","templated":true}]}}